{"id":104,"date":"2015-11-01T18:40:34","date_gmt":"2015-11-01T17:40:34","guid":{"rendered":"http:\/\/new.achpvysocina.cz\/?page_id=104"},"modified":"2015-11-02T10:10:20","modified_gmt":"2015-11-02T09:10:20","slug":"hnojiva","status":"publish","type":"page","link":"https:\/\/www.achpvysocina.cz\/?page_id=104","title":{"rendered":"Hnojiva"},"content":{"rendered":"<p style=\"text-align: justify;\">Nab\u00edz\u00edme V\u00e1m pr\u016fmyslov\u00e1 jedno i\u00a0 v\u00edceslo\u017ekov\u00e1 hnojiva. Distribuujeme rovn\u011b\u017e i hnojiva speci\u00e1ln\u00ed od spole\u010dnosti\u00a0 Timac Agro Czech s.r.o., i\u00a0 Klof\u00e1\u010d spol. s r.o. Rovn\u011b\u017e zaji\u0161\u0165ujeme rozvoz hnojiv, kter\u00e1 jsou vakovan\u00e1 i voln\u011b lo\u017een\u00e1.<\/p>\n<table width=\"509\">\n<tbody>\n<tr style=\"height: 10px;\">\n<td style=\"text-align: center;\" rowspan=\"2\"><strong>Druh hnojiva<\/strong><\/td>\n<td style=\"text-align: center;\" colspan=\"4\" width=\"293\"><strong>Obsah \u017eivin v %<\/strong><\/td>\n<\/tr>\n<tr style=\"height: 5px;\">\n<td style=\"text-align: center;\" width=\"111\"><strong>N<\/strong><\/td>\n<td style=\"text-align: center;\" width=\"32\"><strong>P<sub>2<\/sub>O<sub>5<\/sub><\/strong><\/td>\n<td style=\"text-align: center;\" width=\"72\"><strong>K<sub>2<\/sub>O<\/strong><\/td>\n<td style=\"text-align: center;\" width=\"72\"><strong>MgO<\/strong><\/td>\n<\/tr>\n<tr style=\"height: 10px;\">\n<td style=\"text-align: center;\" colspan=\"5\"><span style=\"color: #008000;\"><strong>Dus\u00edkat\u00e1 hnojiva<\/strong><\/span><\/td>\n<\/tr>\n<tr style=\"height: 10px;\">\n<td style=\"text-align: left;\">LAD + MgO<\/td>\n<td style=\"text-align: center;\" width=\"111\">27<\/td>\n<td style=\"text-align: center;\" width=\"32\"><\/td>\n<td style=\"text-align: center;\"><\/td>\n<td style=\"text-align: center;\">4<\/td>\n<\/tr>\n<tr style=\"height: 10px;\">\n<td style=\"text-align: left;\">Mo\u010dovina<\/td>\n<td style=\"text-align: center;\" width=\"111\">46<\/td>\n<td style=\"text-align: center;\" width=\"32\"><\/td>\n<td style=\"text-align: center;\"><\/td>\n<td style=\"text-align: center;\"><\/td>\n<\/tr>\n<tr style=\"height: 10px;\">\n<td style=\"text-align: left;\">S\u00edran amonn\u00fd<\/td>\n<td style=\"text-align: center;\" width=\"111\">20,5<\/td>\n<td style=\"text-align: center;\" width=\"32\"><\/td>\n<td style=\"text-align: center;\"><\/td>\n<td style=\"text-align: center;\"><\/td>\n<\/tr>\n<tr style=\"height: 10px;\">\n<td style=\"text-align: left;\">S\u00edran amonn\u00fd gran.<\/td>\n<td style=\"text-align: center;\" width=\"111\">20,5<\/td>\n<td style=\"text-align: center;\" width=\"32\"><\/td>\n<td style=\"text-align: center;\"><\/td>\n<td style=\"text-align: center;\"><\/td>\n<\/tr>\n<tr style=\"height: 10px;\">\n<td style=\"text-align: left;\">DAM 390<\/td>\n<td style=\"text-align: center;\" width=\"111\">30<\/td>\n<td style=\"text-align: center;\" width=\"32\"><\/td>\n<td style=\"text-align: center;\"><\/td>\n<td style=\"text-align: center;\"><\/td>\n<\/tr>\n<tr style=\"height: 10px;\">\n<td style=\"text-align: left;\">SAM 19N + 5S<\/td>\n<td style=\"text-align: center;\" width=\"111\">19<\/td>\n<td style=\"text-align: center;\" colspan=\"3\" width=\"179\">+ 5 % S\u00edry<\/td>\n<\/tr>\n<tr style=\"height: 10px;\">\n<td style=\"text-align: center;\" colspan=\"5\"><span style=\"color: #008000;\"><strong>Draseln\u00e1 hnojiva<\/strong><\/span><\/td>\n<\/tr>\n<tr style=\"height: 10px;\">\n<td style=\"text-align: left;\">Draseln\u00e1 s\u016fl gran.<\/td>\n<td style=\"text-align: center;\" width=\"111\"><\/td>\n<td style=\"text-align: center;\" width=\"32\"><\/td>\n<td style=\"text-align: center;\">60<\/td>\n<td style=\"text-align: center;\"><\/td>\n<\/tr>\n<tr style=\"height: 10px;\">\n<td style=\"text-align: center;\" colspan=\"5\"><strong><span style=\"color: #008000;\">Ho\u0159e\u010dnat\u00e1 hnojiva<\/span><\/strong><\/td>\n<\/tr>\n<tr style=\"height: 10px;\">\n<td style=\"text-align: left;\">Keiserit<\/td>\n<td style=\"text-align: center;\" colspan=\"3\">+ 21 % S\u00edry<\/td>\n<td style=\"text-align: center;\">25<\/td>\n<\/tr>\n<tr style=\"height: 10px;\">\n<td style=\"text-align: left;\">Ho\u0159k\u00e1 s\u016fl<\/td>\n<td style=\"text-align: center;\" width=\"111\"><\/td>\n<td style=\"text-align: center;\" width=\"32\"><\/td>\n<td style=\"text-align: center;\"><\/td>\n<td style=\"text-align: center;\">16<\/td>\n<\/tr>\n<tr style=\"height: 10px;\">\n<td style=\"text-align: left;\">Ho\u0159k\u00e1 s\u016fl + microtop<\/td>\n<td style=\"text-align: center;\" colspan=\"3\">+1% B, + 1 % Mn<\/td>\n<td style=\"text-align: center;\">15<\/td>\n<\/tr>\n<tr style=\"height: 10px;\">\n<td style=\"text-align: center;\" colspan=\"5\"><span style=\"color: #008000;\"><strong>NP hnojiva<\/strong><\/span><\/td>\n<\/tr>\n<tr style=\"height: 10px;\">\n<td style=\"text-align: left;\">Amofos<\/td>\n<td style=\"text-align: center;\" width=\"111\">12<\/td>\n<td style=\"text-align: center;\" width=\"32\">52<\/td>\n<td style=\"text-align: center;\"><\/td>\n<td style=\"text-align: center;\"><\/td>\n<\/tr>\n<tr style=\"height: 10px;\">\n<td style=\"text-align: left;\">NP 8 &#8211; 24<\/td>\n<td style=\"text-align: center;\" width=\"111\">8<\/td>\n<td style=\"text-align: center;\" width=\"32\">24<\/td>\n<td style=\"text-align: center;\"><\/td>\n<td style=\"text-align: center;\"><\/td>\n<\/tr>\n<tr style=\"height: 10px;\">\n<td style=\"text-align: center;\" colspan=\"5\"><span style=\"color: #008000;\"><strong>NPK hnojiva<\/strong><\/span><\/td>\n<\/tr>\n<tr style=\"height: 10px;\">\n<td style=\"text-align: center;\"><\/td>\n<td style=\"text-align: center;\" width=\"111\"><strong>N<\/strong><\/td>\n<td style=\"text-align: center;\" width=\"32\"><strong>P<sub>2<\/sub>O<sub>5<\/sub><\/strong><\/td>\n<td style=\"text-align: center;\"><strong>K<sub>2<\/sub>O<\/strong><\/td>\n<td style=\"text-align: center;\"><strong>MgO<\/strong><\/td>\n<\/tr>\n<tr style=\"height: 10px;\">\n<td style=\"text-align: left;\">NPK<\/td>\n<td style=\"text-align: center;\" width=\"111\">15,6<\/td>\n<td style=\"text-align: center;\" width=\"32\">15,6<\/td>\n<td style=\"text-align: center;\">15,6<\/td>\n<td style=\"text-align: center;\">1,8<\/td>\n<\/tr>\n<tr style=\"height: 10px;\">\n<td style=\"text-align: left;\">NPK<\/td>\n<td style=\"text-align: center;\" width=\"111\">15<\/td>\n<td style=\"text-align: center;\" width=\"32\">15<\/td>\n<td style=\"text-align: center;\">19<\/td>\n<td style=\"text-align: center;\">1,6<\/td>\n<\/tr>\n<tr style=\"height: 10px;\">\n<td style=\"text-align: left;\">NPK<\/td>\n<td style=\"text-align: center;\" width=\"111\">18<\/td>\n<td style=\"text-align: center;\" width=\"32\">12<\/td>\n<td style=\"text-align: center;\">12<\/td>\n<td style=\"text-align: center;\">2,3<\/td>\n<\/tr>\n<tr style=\"height: 10px;\">\n<td style=\"text-align: left;\">NPK<\/td>\n<td style=\"text-align: center;\" width=\"111\">20<\/td>\n<td style=\"text-align: center;\" width=\"32\">15<\/td>\n<td style=\"text-align: center;\">7<\/td>\n<td style=\"text-align: center;\">2,4<\/td>\n<\/tr>\n<tr style=\"height: 10px;\">\n<td style=\"text-align: left;\">NPK<\/td>\n<td style=\"text-align: center;\" width=\"111\">20<\/td>\n<td style=\"text-align: center;\" width=\"32\">10<\/td>\n<td style=\"text-align: center;\">10<\/td>\n<td style=\"text-align: center;\">2,6<\/td>\n<\/tr>\n<tr style=\"height: 10px;\">\n<td style=\"text-align: left;\">NPK<\/td>\n<td style=\"text-align: center;\" width=\"111\">13<\/td>\n<td style=\"text-align: center;\" width=\"32\">29<\/td>\n<td style=\"text-align: center;\">13<\/td>\n<td style=\"text-align: center;\">1<\/td>\n<\/tr>\n<tr style=\"height: 10px;\">\n<td style=\"text-align: left;\">NPK<\/td>\n<td style=\"text-align: center;\" width=\"111\">11<\/td>\n<td style=\"text-align: center;\" width=\"32\">22<\/td>\n<td style=\"text-align: center;\">22<\/td>\n<td style=\"text-align: center;\"><\/td>\n<\/tr>\n<tr style=\"height: 10px;\">\n<td style=\"text-align: left;\">NPK<\/td>\n<td style=\"text-align: center;\" width=\"111\">12,5<\/td>\n<td style=\"text-align: center;\" width=\"32\">31<\/td>\n<td style=\"text-align: center;\">12,5<\/td>\n<td style=\"text-align: center;\"><\/td>\n<\/tr>\n<tr style=\"height: 10px;\">\n<td style=\"text-align: left;\">NPK<\/td>\n<td style=\"text-align: center;\" width=\"111\">15,5<\/td>\n<td style=\"text-align: center;\" width=\"32\">26<\/td>\n<td style=\"text-align: center;\">9<\/td>\n<td style=\"text-align: center;\">15<\/td>\n<\/tr>\n<tr style=\"height: 10px;\">\n<td style=\"text-align: left;\">NPK<\/td>\n<td style=\"text-align: center;\" width=\"111\">8<\/td>\n<td style=\"text-align: center;\" width=\"32\">27<\/td>\n<td style=\"text-align: center;\">25<\/td>\n<td style=\"text-align: center;\"><\/td>\n<\/tr>\n<tr style=\"height: 10px;\">\n<td style=\"text-align: left;\">NPK<\/td>\n<td style=\"text-align: center;\" width=\"111\">11<\/td>\n<td style=\"text-align: center;\" width=\"32\">28<\/td>\n<td style=\"text-align: center;\">18<\/td>\n<td style=\"text-align: center;\"><\/td>\n<\/tr>\n<tr style=\"height: 10px;\">\n<td style=\"text-align: left;\">NPK<\/td>\n<td style=\"text-align: center;\" width=\"111\">11<\/td>\n<td style=\"text-align: center;\" width=\"32\">25<\/td>\n<td style=\"text-align: center;\">20<\/td>\n<td style=\"text-align: center;\"><\/td>\n<\/tr>\n<tr style=\"height: 10px;\">\n<td style=\"text-align: left;\">NPK<\/td>\n<td style=\"text-align: center;\" width=\"111\">10<\/td>\n<td style=\"text-align: center;\" width=\"32\">19<\/td>\n<td style=\"text-align: center;\">16<\/td>\n<td style=\"text-align: center;\"><\/td>\n<\/tr>\n<tr style=\"height: 10px;\">\n<td style=\"text-align: left;\">NPK<\/td>\n<td style=\"text-align: center;\" width=\"111\">14<\/td>\n<td style=\"text-align: center;\" width=\"32\">18<\/td>\n<td style=\"text-align: center;\">18<\/td>\n<td style=\"text-align: center;\">1,4<\/td>\n<\/tr>\n<tr style=\"height: 10px;\">\n<td style=\"text-align: left;\">NPK<\/td>\n<td style=\"text-align: center;\" width=\"111\">23<\/td>\n<td style=\"text-align: center;\" width=\"32\">13<\/td>\n<td style=\"text-align: center;\"><\/td>\n<td style=\"text-align: center;\">3<\/td>\n<\/tr>\n<tr style=\"height: 10px;\">\n<td style=\"text-align: left;\">NPK<\/td>\n<td style=\"text-align: center;\" width=\"111\">21<\/td>\n<td style=\"text-align: center;\" width=\"32\">21<\/td>\n<td style=\"text-align: center;\"><\/td>\n<td style=\"text-align: center;\">2,4<\/td>\n<\/tr>\n<tr style=\"height: 10px;\">\n<td style=\"text-align: left;\">NS<\/td>\n<td style=\"text-align: center;\" width=\"111\">24<\/td>\n<td style=\"text-align: center;\" width=\"32\"><\/td>\n<td style=\"text-align: center;\">2<\/td>\n<td style=\"text-align: center;\">12<\/td>\n<\/tr>\n<tr>\n<td style=\"text-align: left;\">NS<\/td>\n<td style=\"text-align: center;\" width=\"111\">21<\/td>\n<td style=\"text-align: center;\" width=\"32\">10<\/td>\n<td style=\"text-align: center;\"><\/td>\n<td style=\"text-align: center;\">10<\/td>\n<\/tr>\n<\/tbody>\n<\/table>\n","protected":false},"excerpt":{"rendered":"<p>Nab\u00edz\u00edme V\u00e1m pr\u016fmyslov\u00e1 jedno i\u00a0 v\u00edceslo\u017ekov\u00e1 hnojiva. Distribuujeme rovn\u011b\u017e i hnojiva speci\u00e1ln\u00ed od spole\u010dnosti\u00a0 Timac Agro Czech s.r.o., i\u00a0 Klof\u00e1\u010d spol. s r.o. Rovn\u011b\u017e zaji\u0161\u0165ujeme rozvoz hnojiv, kter\u00e1 jsou vakovan\u00e1 i voln\u011b lo\u017een\u00e1. Druh hnojiva Obsah \u017eivin v % N<\/p>\n","protected":false},"author":1,"featured_media":0,"parent":0,"menu_order":0,"comment_status":"closed","ping_status":"closed","template":"","meta":{"ngg_post_thumbnail":0},"_links":{"self":[{"href":"https:\/\/www.achpvysocina.cz\/index.php?rest_route=\/wp\/v2\/pages\/104"}],"collection":[{"href":"https:\/\/www.achpvysocina.cz\/index.php?rest_route=\/wp\/v2\/pages"}],"about":[{"href":"https:\/\/www.achpvysocina.cz\/index.php?rest_route=\/wp\/v2\/types\/page"}],"author":[{"embeddable":true,"href":"https:\/\/www.achpvysocina.cz\/index.php?rest_route=\/wp\/v2\/users\/1"}],"replies":[{"embeddable":true,"href":"https:\/\/www.achpvysocina.cz\/index.php?rest_route=%2Fwp%2Fv2%2Fcomments&post=104"}],"version-history":[{"count":13,"href":"https:\/\/www.achpvysocina.cz\/index.php?rest_route=\/wp\/v2\/pages\/104\/revisions"}],"predecessor-version":[{"id":107,"href":"https:\/\/www.achpvysocina.cz\/index.php?rest_route=\/wp\/v2\/pages\/104\/revisions\/107"}],"wp:attachment":[{"href":"https:\/\/www.achpvysocina.cz\/index.php?rest_route=%2Fwp%2Fv2%2Fmedia&parent=104"}],"curies":[{"name":"wp","href":"https:\/\/api.w.org\/{rel}","templated":true}]}}