{"id":118,"date":"2015-11-01T19:33:01","date_gmt":"2015-11-01T18:33:01","guid":{"rendered":"http:\/\/new.achpvysocina.cz\/?page_id=118"},"modified":"2021-05-21T11:22:45","modified_gmt":"2021-05-21T10:22:45","slug":"komodity","status":"publish","type":"page","link":"https:\/\/www.achpvysocina.cz\/?page_id=118","title":{"rendered":"Komodity"},"content":{"rendered":"<p style=\"text-align: justify;\">\u00dasp\u011b\u0161n\u011b spolupracujeme s p\u0159edn\u00edmi spole\u010dnostmi a to jak na tuzemsk\u00e9m, tak i na zahrani\u010dn\u00edm trhu. Jsme schopni zabezpe\u010dit komplexn\u00ed slu\u017eby souvisej\u00edc\u00ed s prodejem i n\u00e1kupem \u0161irok\u00e9ho spektra zem\u011bd\u011blsk\u00fdch komodit.<\/p>\n<table style=\"height: 188px;\" width=\"917\">\n<tbody>\n<tr>\n<td>&nbsp;<\/td>\n<td>&nbsp;<\/td>\n<\/tr>\n<\/tbody>\n<\/table>\n<p>&nbsp;<\/p>\n","protected":false},"excerpt":{"rendered":"<p>\u00dasp\u011b\u0161n\u011b spolupracujeme s p\u0159edn\u00edmi spole\u010dnostmi a to jak na tuzemsk\u00e9m, tak i na zahrani\u010dn\u00edm trhu. Jsme schopni zabezpe\u010dit komplexn\u00ed slu\u017eby souvisej\u00edc\u00ed s prodejem i n\u00e1kupem \u0161irok\u00e9ho spektra zem\u011bd\u011blsk\u00fdch komodit. &nbsp; &nbsp; &nbsp;<\/p>\n","protected":false},"author":1,"featured_media":0,"parent":0,"menu_order":0,"comment_status":"closed","ping_status":"closed","template":"","meta":{"ngg_post_thumbnail":0},"_links":{"self":[{"href":"https:\/\/www.achpvysocina.cz\/index.php?rest_route=\/wp\/v2\/pages\/118"}],"collection":[{"href":"https:\/\/www.achpvysocina.cz\/index.php?rest_route=\/wp\/v2\/pages"}],"about":[{"href":"https:\/\/www.achpvysocina.cz\/index.php?rest_route=\/wp\/v2\/types\/page"}],"author":[{"embeddable":true,"href":"https:\/\/www.achpvysocina.cz\/index.php?rest_route=\/wp\/v2\/users\/1"}],"replies":[{"embeddable":true,"href":"https:\/\/www.achpvysocina.cz\/index.php?rest_route=%2Fwp%2Fv2%2Fcomments&post=118"}],"version-history":[{"count":24,"href":"https:\/\/www.achpvysocina.cz\/index.php?rest_route=\/wp\/v2\/pages\/118\/revisions"}],"predecessor-version":[{"id":1498,"href":"https:\/\/www.achpvysocina.cz\/index.php?rest_route=\/wp\/v2\/pages\/118\/revisions\/1498"}],"wp:attachment":[{"href":"https:\/\/www.achpvysocina.cz\/index.php?rest_route=%2Fwp%2Fv2%2Fmedia&parent=118"}],"curies":[{"name":"wp","href":"https:\/\/api.w.org\/{rel}","templated":true}]}}