{"id":128,"date":"2015-11-01T19:53:08","date_gmt":"2015-11-01T18:53:08","guid":{"rendered":"http:\/\/new.achpvysocina.cz\/?page_id=128"},"modified":"2015-11-21T17:33:58","modified_gmt":"2015-11-21T16:33:58","slug":"vapneni","status":"publish","type":"page","link":"https:\/\/www.achpvysocina.cz\/?page_id=128","title":{"rendered":"V\u00e1pn\u011bn\u00ed"},"content":{"rendered":"<p style=\"text-align: justify;\">Za \u00fa\u010delem v\u00e1pn\u011bn\u00ed vyu\u017e\u00edv\u00e1me v\u00e1penec, nebo\u00a0 v\u00e1pnit\u00fd dolomit (CaCO<sub>3<\/sub>+MgCO<sub>3\u00a0<\/sub> 90% z\u00a0toho MgCO<sub>3<\/sub>\u00a0 38,8%) jemn\u011b mlet\u00fd i drzcen\u00fd o frakci 0,2 mm. Na\u0161e nov\u00e9 rozmetadlo je uzp\u016fsobeno pro p\u0159esnou bez\u00faletovou aplikaci jemn\u011b mlet\u00e9ho v\u00e1pence.<\/p>\n<p style=\"text-align: justify;\"><!-- index.php -->\n<div\n\tclass=\"ngg-galleryoverview ngg-ajax-pagination-none\"\n\tid=\"ngg-gallery-630-1\">\n\n    \t\t<!-- Thumbnails -->\n\t\t\t\t<div id=\"ngg-image-0\" class=\"ngg-gallery-thumbnail-box\" >\n\t\t\t\t        <div class=\"ngg-gallery-thumbnail\">\n            <a href=\"https:\/\/www.achpvysocina.cz\/wp-content\/gallery\/vapneni\/DSC_1959.JPG\"\n               title=\"\"\n               data-src=\"https:\/\/www.achpvysocina.cz\/wp-content\/gallery\/vapneni\/DSC_1959.JPG\"\n               data-thumbnail=\"https:\/\/www.achpvysocina.cz\/wp-content\/gallery\/vapneni\/thumbs\/thumbs_DSC_1959.JPG\"\n               data-image-id=\"131\"\n               data-title=\"DSC_1959\"\n               data-description=\"\"\n               data-image-slug=\"dsc_1959\"\n               class=\"ngg-fancybox\" rel=\"630\">\n                <img\n                    title=\"DSC_1959\"\n                    alt=\"DSC_1959\"\n                    src=\"https:\/\/www.achpvysocina.cz\/wp-content\/gallery\/vapneni\/thumbs\/thumbs_DSC_1959.JPG\"\n                    width=\"240\"\n                    height=\"160\"\n                    style=\"max-width:100%;\"\n                \/>\n            <\/a>\n        <\/div>\n\t\t\t\t\t\t\t<\/div> \n\t\t\t\n                            \n\t\t\t\t<div id=\"ngg-image-1\" class=\"ngg-gallery-thumbnail-box\" >\n\t\t\t\t        <div class=\"ngg-gallery-thumbnail\">\n            <a href=\"https:\/\/www.achpvysocina.cz\/wp-content\/gallery\/vapneni\/DSC_1973.JPG\"\n               title=\"\"\n               data-src=\"https:\/\/www.achpvysocina.cz\/wp-content\/gallery\/vapneni\/DSC_1973.JPG\"\n               data-thumbnail=\"https:\/\/www.achpvysocina.cz\/wp-content\/gallery\/vapneni\/thumbs\/thumbs_DSC_1973.JPG\"\n               data-image-id=\"132\"\n               data-title=\"DSC_1973\"\n               data-description=\"\"\n               data-image-slug=\"dsc_1973\"\n               class=\"ngg-fancybox\" rel=\"630\">\n                <img\n                    title=\"DSC_1973\"\n                    alt=\"DSC_1973\"\n                    src=\"https:\/\/www.achpvysocina.cz\/wp-content\/gallery\/vapneni\/thumbs\/thumbs_DSC_1973.JPG\"\n                    width=\"240\"\n                    height=\"160\"\n                    style=\"max-width:100%;\"\n                \/>\n            <\/a>\n        <\/div>\n\t\t\t\t\t\t\t<\/div> \n\t\t\t\n                                    <br style=\"clear: both\" \/>\n                    \n\t\t\t\t<div id=\"ngg-image-2\" class=\"ngg-gallery-thumbnail-box\" >\n\t\t\t\t        <div class=\"ngg-gallery-thumbnail\">\n            <a href=\"https:\/\/www.achpvysocina.cz\/wp-content\/gallery\/vapneni\/DSC_1978.JPG\"\n               title=\"\"\n               data-src=\"https:\/\/www.achpvysocina.cz\/wp-content\/gallery\/vapneni\/DSC_1978.JPG\"\n               data-thumbnail=\"https:\/\/www.achpvysocina.cz\/wp-content\/gallery\/vapneni\/thumbs\/thumbs_DSC_1978.JPG\"\n               data-image-id=\"133\"\n               data-title=\"DSC_1978\"\n               data-description=\"\"\n               data-image-slug=\"dsc_1978\"\n               class=\"ngg-fancybox\" rel=\"630\">\n                <img\n                    title=\"DSC_1978\"\n                    alt=\"DSC_1978\"\n                    src=\"https:\/\/www.achpvysocina.cz\/wp-content\/gallery\/vapneni\/thumbs\/thumbs_DSC_1978.JPG\"\n                    width=\"240\"\n                    height=\"160\"\n                    style=\"max-width:100%;\"\n                \/>\n            <\/a>\n        <\/div>\n\t\t\t\t\t\t\t<\/div> \n\t\t\t\n                            \n\t\t\t\t<div id=\"ngg-image-3\" class=\"ngg-gallery-thumbnail-box\" >\n\t\t\t\t        <div class=\"ngg-gallery-thumbnail\">\n            <a href=\"https:\/\/www.achpvysocina.cz\/wp-content\/gallery\/vapneni\/DSC_1979.JPG\"\n               title=\"\"\n               data-src=\"https:\/\/www.achpvysocina.cz\/wp-content\/gallery\/vapneni\/DSC_1979.JPG\"\n               data-thumbnail=\"https:\/\/www.achpvysocina.cz\/wp-content\/gallery\/vapneni\/thumbs\/thumbs_DSC_1979.JPG\"\n               data-image-id=\"134\"\n               data-title=\"DSC_1979\"\n               data-description=\"\"\n               data-image-slug=\"dsc_1979\"\n               class=\"ngg-fancybox\" rel=\"630\">\n                <img\n                    title=\"DSC_1979\"\n                    alt=\"DSC_1979\"\n                    src=\"https:\/\/www.achpvysocina.cz\/wp-content\/gallery\/vapneni\/thumbs\/thumbs_DSC_1979.JPG\"\n                    width=\"240\"\n                    height=\"160\"\n                    style=\"max-width:100%;\"\n                \/>\n            <\/a>\n        <\/div>\n\t\t\t\t\t\t\t<\/div> \n\t\t\t\n                                    <br style=\"clear: both\" \/>\n                    \n\t\t\t\t<div id=\"ngg-image-4\" class=\"ngg-gallery-thumbnail-box\" >\n\t\t\t\t        <div class=\"ngg-gallery-thumbnail\">\n            <a href=\"https:\/\/www.achpvysocina.cz\/wp-content\/gallery\/vapneni\/DSC_1982.JPG\"\n               title=\"\"\n               data-src=\"https:\/\/www.achpvysocina.cz\/wp-content\/gallery\/vapneni\/DSC_1982.JPG\"\n               data-thumbnail=\"https:\/\/www.achpvysocina.cz\/wp-content\/gallery\/vapneni\/thumbs\/thumbs_DSC_1982.JPG\"\n               data-image-id=\"135\"\n               data-title=\"DSC_1982\"\n               data-description=\"\"\n               data-image-slug=\"dsc_1982\"\n               class=\"ngg-fancybox\" rel=\"630\">\n                <img\n                    title=\"DSC_1982\"\n                    alt=\"DSC_1982\"\n                    src=\"https:\/\/www.achpvysocina.cz\/wp-content\/gallery\/vapneni\/thumbs\/thumbs_DSC_1982.JPG\"\n                    width=\"240\"\n                    height=\"160\"\n                    style=\"max-width:100%;\"\n                \/>\n            <\/a>\n        <\/div>\n\t\t\t\t\t\t\t<\/div> \n\t\t\t\n                            \n\t\t\t\t<div id=\"ngg-image-5\" class=\"ngg-gallery-thumbnail-box\" >\n\t\t\t\t        <div class=\"ngg-gallery-thumbnail\">\n            <a href=\"https:\/\/www.achpvysocina.cz\/wp-content\/gallery\/vapneni\/DSC_1986.JPG\"\n               title=\"\"\n               data-src=\"https:\/\/www.achpvysocina.cz\/wp-content\/gallery\/vapneni\/DSC_1986.JPG\"\n               data-thumbnail=\"https:\/\/www.achpvysocina.cz\/wp-content\/gallery\/vapneni\/thumbs\/thumbs_DSC_1986.JPG\"\n               data-image-id=\"136\"\n               data-title=\"DSC_1986\"\n               data-description=\"\"\n               data-image-slug=\"dsc_1986\"\n               class=\"ngg-fancybox\" rel=\"630\">\n                <img\n                    title=\"DSC_1986\"\n                    alt=\"DSC_1986\"\n                    src=\"https:\/\/www.achpvysocina.cz\/wp-content\/gallery\/vapneni\/thumbs\/thumbs_DSC_1986.JPG\"\n                    width=\"240\"\n                    height=\"160\"\n                    style=\"max-width:100%;\"\n                \/>\n            <\/a>\n        <\/div>\n\t\t\t\t\t\t\t<\/div> \n\t\t\t\n                                    <br style=\"clear: both\" \/>\n                    \n\t\t\t\t<div id=\"ngg-image-6\" class=\"ngg-gallery-thumbnail-box\" >\n\t\t\t\t        <div class=\"ngg-gallery-thumbnail\">\n            <a href=\"https:\/\/www.achpvysocina.cz\/wp-content\/gallery\/vapneni\/DSC_1988.JPG\"\n               title=\"\"\n               data-src=\"https:\/\/www.achpvysocina.cz\/wp-content\/gallery\/vapneni\/DSC_1988.JPG\"\n               data-thumbnail=\"https:\/\/www.achpvysocina.cz\/wp-content\/gallery\/vapneni\/thumbs\/thumbs_DSC_1988.JPG\"\n               data-image-id=\"137\"\n               data-title=\"DSC_1988\"\n               data-description=\"\"\n               data-image-slug=\"dsc_1988\"\n               class=\"ngg-fancybox\" rel=\"630\">\n                <img\n                    title=\"DSC_1988\"\n                    alt=\"DSC_1988\"\n                    src=\"https:\/\/www.achpvysocina.cz\/wp-content\/gallery\/vapneni\/thumbs\/thumbs_DSC_1988.JPG\"\n                    width=\"240\"\n                    height=\"160\"\n                    style=\"max-width:100%;\"\n                \/>\n            <\/a>\n        <\/div>\n\t\t\t\t\t\t\t<\/div> \n\t\t\t\n                            \n\t\t\t\t<div id=\"ngg-image-7\" class=\"ngg-gallery-thumbnail-box\" >\n\t\t\t\t        <div class=\"ngg-gallery-thumbnail\">\n            <a href=\"https:\/\/www.achpvysocina.cz\/wp-content\/gallery\/vapneni\/DSC_1990.JPG\"\n               title=\"\"\n               data-src=\"https:\/\/www.achpvysocina.cz\/wp-content\/gallery\/vapneni\/DSC_1990.JPG\"\n               data-thumbnail=\"https:\/\/www.achpvysocina.cz\/wp-content\/gallery\/vapneni\/thumbs\/thumbs_DSC_1990.JPG\"\n               data-image-id=\"138\"\n               data-title=\"DSC_1990\"\n               data-description=\"\"\n               data-image-slug=\"dsc_1990\"\n               class=\"ngg-fancybox\" rel=\"630\">\n                <img\n                    title=\"DSC_1990\"\n                    alt=\"DSC_1990\"\n                    src=\"https:\/\/www.achpvysocina.cz\/wp-content\/gallery\/vapneni\/thumbs\/thumbs_DSC_1990.JPG\"\n                    width=\"240\"\n                    height=\"160\"\n                    style=\"max-width:100%;\"\n                \/>\n            <\/a>\n        <\/div>\n\t\t\t\t\t\t\t<\/div> \n\t\t\t\n                                    <br style=\"clear: both\" \/>\n                    \n\t\t\t\t<div id=\"ngg-image-8\" class=\"ngg-gallery-thumbnail-box\" >\n\t\t\t\t        <div class=\"ngg-gallery-thumbnail\">\n            <a href=\"https:\/\/www.achpvysocina.cz\/wp-content\/gallery\/vapneni\/DSC_1994.JPG\"\n               title=\"\"\n               data-src=\"https:\/\/www.achpvysocina.cz\/wp-content\/gallery\/vapneni\/DSC_1994.JPG\"\n               data-thumbnail=\"https:\/\/www.achpvysocina.cz\/wp-content\/gallery\/vapneni\/thumbs\/thumbs_DSC_1994.JPG\"\n               data-image-id=\"139\"\n               data-title=\"DSC_1994\"\n               data-description=\"\"\n               data-image-slug=\"dsc_1994\"\n               class=\"ngg-fancybox\" rel=\"630\">\n                <img\n                    title=\"DSC_1994\"\n                    alt=\"DSC_1994\"\n                    src=\"https:\/\/www.achpvysocina.cz\/wp-content\/gallery\/vapneni\/thumbs\/thumbs_DSC_1994.JPG\"\n                    width=\"240\"\n                    height=\"160\"\n                    style=\"max-width:100%;\"\n                \/>\n            <\/a>\n        <\/div>\n\t\t\t\t\t\t\t<\/div> \n\t\t\t\n                            \n\t\t\n\t\t<!-- Pagination -->\n\t<div class='ngg-clear'><\/div>\t<\/div>\n<\/p>\n<p>&nbsp;<\/p>\n<p>&nbsp;<\/p>\n<p>&nbsp;<\/p>\n","protected":false},"excerpt":{"rendered":"<p>Za \u00fa\u010delem v\u00e1pn\u011bn\u00ed vyu\u017e\u00edv\u00e1me v\u00e1penec, nebo\u00a0 v\u00e1pnit\u00fd dolomit (CaCO3+MgCO3\u00a0 90% z\u00a0toho MgCO3\u00a0 38,8%) jemn\u011b mlet\u00fd i drzcen\u00fd o frakci 0,2 mm. Na\u0161e nov\u00e9 rozmetadlo je uzp\u016fsobeno pro p\u0159esnou bez\u00faletovou aplikaci jemn\u011b mlet\u00e9ho v\u00e1pence. &nbsp; &nbsp; &nbsp;<\/p>\n","protected":false},"author":1,"featured_media":0,"parent":0,"menu_order":0,"comment_status":"closed","ping_status":"closed","template":"","meta":{"ngg_post_thumbnail":0},"_links":{"self":[{"href":"https:\/\/www.achpvysocina.cz\/index.php?rest_route=\/wp\/v2\/pages\/128"}],"collection":[{"href":"https:\/\/www.achpvysocina.cz\/index.php?rest_route=\/wp\/v2\/pages"}],"about":[{"href":"https:\/\/www.achpvysocina.cz\/index.php?rest_route=\/wp\/v2\/types\/page"}],"author":[{"embeddable":true,"href":"https:\/\/www.achpvysocina.cz\/index.php?rest_route=\/wp\/v2\/users\/1"}],"replies":[{"embeddable":true,"href":"https:\/\/www.achpvysocina.cz\/index.php?rest_route=%2Fwp%2Fv2%2Fcomments&post=128"}],"version-history":[{"count":8,"href":"https:\/\/www.achpvysocina.cz\/index.php?rest_route=\/wp\/v2\/pages\/128\/revisions"}],"predecessor-version":[{"id":762,"href":"https:\/\/www.achpvysocina.cz\/index.php?rest_route=\/wp\/v2\/pages\/128\/revisions\/762"}],"wp:attachment":[{"href":"https:\/\/www.achpvysocina.cz\/index.php?rest_route=%2Fwp%2Fv2%2Fmedia&parent=128"}],"curies":[{"name":"wp","href":"https:\/\/api.w.org\/{rel}","templated":true}]}}