{"id":14,"date":"2015-10-29T17:29:26","date_gmt":"2015-10-29T17:29:26","guid":{"rendered":"http:\/\/new.achpvysocina.cz\/?page_id=14"},"modified":"2015-12-01T11:18:09","modified_gmt":"2015-12-01T10:18:09","slug":"produkty-a-sluzby","status":"publish","type":"page","link":"https:\/\/www.achpvysocina.cz\/?page_id=14","title":{"rendered":"Produkty a Slu\u017eby"},"content":{"rendered":"<table>\n<tbody>\n<tr>\n<td style=\"text-align: center;\"><a href=\"\/?page_id=92\"><img class=\"ngg-singlepic ngg-center aligncenter\" src=\"\/wp-content\/gallery\/ostatni-1\/osiva.jpg\" alt=\"osiva\" \/><\/a>Osiva<\/td>\n<td style=\"text-align: center;\"><a href=\"\/?page_id=104\"><img class=\"ngg-singlepic ngg-center aligncenter\" src=\"\/wp-content\/gallery\/ostatni-1\/hnojiva.jpg\" alt=\"hnojiva\" \/><\/a>Hnojiva<\/td>\n<td style=\"text-align: center;\"><a href=\"\/?page_id=245\"><img class=\"ngg-singlepic ngg-center aligncenter\" src=\"\/wp-content\/gallery\/ostatni-1\/Pesticidy.jpg\" alt=\"Pesticidy\" \/><\/a>Pesticidy<\/td>\n<\/tr>\n<tr>\n<td style=\"text-align: center;\"><a href=\"\/?page_id=118\"><img class=\"ngg-singlepic ngg-center aligncenter\" src=\"\/wp-content\/gallery\/ostatni-1\/Komodity.jpg\" alt=\"Komodity\" \/><\/a>Komodity<\/td>\n<td style=\"text-align: center;\"><a href=\"\/?page_id=128\"><img class=\"ngg-singlepic ngg-center aligncenter\" src=\"\/wp-content\/gallery\/ostatni-1\/vapnenii.jpg\" alt=\"vapnenii\" \/><\/a>V\u00e1pn\u011bn\u00ed<\/td>\n<td style=\"text-align: center;\"><a href=\"http:\/\/www.achpvysocina.cz\/?page_id=281\"><img loading=\"lazy\" class=\"aligncenter size-full wp-image-1161\" src=\"http:\/\/www.achpvysocina.cz\/wp-content\/uploads\/2015\/12\/plachty.jpg\" alt=\"plachty\" width=\"150\" height=\"150\" \/><\/a><a href=\"\/?page_id=281\">Pytle, plachty, folie<\/a><\/td>\n<\/tr>\n<\/tbody>\n<\/table>\n<p>&nbsp;<\/p>\n","protected":false},"excerpt":{"rendered":"<p>Osiva Hnojiva Pesticidy Komodity V\u00e1pn\u011bn\u00ed Pytle, plachty, folie &nbsp;<\/p>\n","protected":false},"author":1,"featured_media":0,"parent":0,"menu_order":3,"comment_status":"closed","ping_status":"closed","template":"","meta":{"ngg_post_thumbnail":0},"_links":{"self":[{"href":"https:\/\/www.achpvysocina.cz\/index.php?rest_route=\/wp\/v2\/pages\/14"}],"collection":[{"href":"https:\/\/www.achpvysocina.cz\/index.php?rest_route=\/wp\/v2\/pages"}],"about":[{"href":"https:\/\/www.achpvysocina.cz\/index.php?rest_route=\/wp\/v2\/types\/page"}],"author":[{"embeddable":true,"href":"https:\/\/www.achpvysocina.cz\/index.php?rest_route=\/wp\/v2\/users\/1"}],"replies":[{"embeddable":true,"href":"https:\/\/www.achpvysocina.cz\/index.php?rest_route=%2Fwp%2Fv2%2Fcomments&post=14"}],"version-history":[{"count":27,"href":"https:\/\/www.achpvysocina.cz\/index.php?rest_route=\/wp\/v2\/pages\/14\/revisions"}],"predecessor-version":[{"id":554,"href":"https:\/\/www.achpvysocina.cz\/index.php?rest_route=\/wp\/v2\/pages\/14\/revisions\/554"}],"wp:attachment":[{"href":"https:\/\/www.achpvysocina.cz\/index.php?rest_route=%2Fwp%2Fv2%2Fmedia&parent=14"}],"curies":[{"name":"wp","href":"https:\/\/api.w.org\/{rel}","templated":true}]}}