{"id":92,"date":"2015-11-01T17:51:07","date_gmt":"2015-11-01T16:51:07","guid":{"rendered":"http:\/\/new.achpvysocina.cz\/?page_id=92"},"modified":"2016-11-09T12:22:24","modified_gmt":"2016-11-09T11:22:24","slug":"osiva","status":"publish","type":"page","link":"https:\/\/www.achpvysocina.cz\/?page_id=92","title":{"rendered":"Osiva"},"content":{"rendered":"<p style=\"text-align: justify;\">Spole\u010dnost ACHP Vyso\u010dina s.r.o. \u00fazce spolupracuje s p\u0159edn\u00edmi evropsk\u00fdmi i sv\u011btov\u00fdmi\u00a0 \u0161lechtiteli. Ve spolupr\u00e1ci s va\u0161imi zem\u011bd\u011blsk\u00fdmi podniky mno\u017e\u00edme vybran\u00e9 odr\u016fdy obilovin, p\u00edcnin, luskovin i speci\u00e1ln\u00edch plodin. Distribuujeme dle po\u017eadavk\u016f osiva v\u0161ech poln\u00edch plodin.<\/p>\n<p style=\"text-align: justify;\">Podrobn\u00e9 informace o jednotliv\u00fdch odr\u016fd\u00e1ch naleznete v na\u0161ich kataloz\u00edch, nebo p\u0159\u00edmo u na\u0161ich obchodn\u00edch z\u00e1stupc\u016f.<\/p>\n<p style=\"text-align: justify;\">Podle doporu\u010den\u00ed na\u0161ich \u0161lechtitel\u016f a sou\u010dasn\u011b dle va\u0161ich zku\u0161enost\u00ed jsme pro V\u00e1s p\u0159ipravili p\u0159ehlednou tabulku v\u00fdsevk\u016f na\u0161ich nej\u010dast\u011bji p\u011bstovan\u00fdch druh\u016f. Spodn\u00ed hranice v\u00fdsevk\u016f je vzta\u017eena k ide\u00e1ln\u00edm podm\u00ednk\u00e1m. P\u0159i stanoven\u00ed na\u0161eho v\u00fdsevku mus\u00edme vz\u00edt v potaz kvalitu osiva, term\u00edn set\u00ed, p\u016fdn\u011b &#8211; klimatick\u00e9 podm\u00ednky, vliv p\u0159edplodiny i ostatn\u00ed okolnosti. Proto jsou uveden\u00e9 \u00fadaje pouze orienta\u010dn\u00ed. Uveden\u00e9 HTZ jsou pr\u016fm\u011brn\u00e9 pro dan\u00fd druh.<\/p>\n<p style=\"text-align: justify;\"><!-- index.php -->\n<div\n\tclass=\"ngg-galleryoverview ngg-ajax-pagination-none\"\n\tid=\"ngg-gallery-582-1\">\n\n    \t\t<!-- Thumbnails -->\n\t\t\t\t<div id=\"ngg-image-0\" class=\"ngg-gallery-thumbnail-box\" >\n\t\t\t\t        <div class=\"ngg-gallery-thumbnail\">\n            <a href=\"https:\/\/www.achpvysocina.cz\/wp-content\/gallery\/ostatni-1\/tabulky-vysevku1.jpg\"\n               title=\"\"\n               data-src=\"https:\/\/www.achpvysocina.cz\/wp-content\/gallery\/ostatni-1\/tabulky-vysevku1.jpg\"\n               data-thumbnail=\"https:\/\/www.achpvysocina.cz\/wp-content\/gallery\/ostatni-1\/thumbs\/thumbs_tabulky-vysevku1.jpg\"\n               data-image-id=\"128\"\n               data-title=\"tabulky vysevku1\"\n               data-description=\"\"\n               data-image-slug=\"tabulky-vysevku1-14\"\n               class=\"ngg-fancybox\" rel=\"582\">\n                <img\n                    title=\"tabulky vysevku1\"\n                    alt=\"tabulky vysevku1\"\n                    src=\"https:\/\/www.achpvysocina.cz\/wp-content\/gallery\/ostatni-1\/thumbs\/thumbs_tabulky-vysevku1.jpg\"\n                    width=\"240\"\n                    height=\"160\"\n                    style=\"max-width:100%;\"\n                \/>\n            <\/a>\n        <\/div>\n\t\t\t\t\t\t\t<\/div> \n\t\t\t\n        \n\t\t\n\t\t<!-- Pagination -->\n\t<div class='ngg-clear'><\/div>\t<\/div>\n<\/p>\n","protected":false},"excerpt":{"rendered":"<p>Spole\u010dnost ACHP Vyso\u010dina s.r.o. \u00fazce spolupracuje s p\u0159edn\u00edmi evropsk\u00fdmi i sv\u011btov\u00fdmi\u00a0 \u0161lechtiteli. Ve spolupr\u00e1ci s va\u0161imi zem\u011bd\u011blsk\u00fdmi podniky mno\u017e\u00edme vybran\u00e9 odr\u016fdy obilovin, p\u00edcnin, luskovin i speci\u00e1ln\u00edch plodin. Distribuujeme dle po\u017eadavk\u016f osiva v\u0161ech poln\u00edch plodin. Podrobn\u00e9 informace o jednotliv\u00fdch odr\u016fd\u00e1ch naleznete<\/p>\n","protected":false},"author":1,"featured_media":0,"parent":0,"menu_order":0,"comment_status":"closed","ping_status":"closed","template":"","meta":{"ngg_post_thumbnail":0},"_links":{"self":[{"href":"https:\/\/www.achpvysocina.cz\/index.php?rest_route=\/wp\/v2\/pages\/92"}],"collection":[{"href":"https:\/\/www.achpvysocina.cz\/index.php?rest_route=\/wp\/v2\/pages"}],"about":[{"href":"https:\/\/www.achpvysocina.cz\/index.php?rest_route=\/wp\/v2\/types\/page"}],"author":[{"embeddable":true,"href":"https:\/\/www.achpvysocina.cz\/index.php?rest_route=\/wp\/v2\/users\/1"}],"replies":[{"embeddable":true,"href":"https:\/\/www.achpvysocina.cz\/index.php?rest_route=%2Fwp%2Fv2%2Fcomments&post=92"}],"version-history":[{"count":13,"href":"https:\/\/www.achpvysocina.cz\/index.php?rest_route=\/wp\/v2\/pages\/92\/revisions"}],"predecessor-version":[{"id":1191,"href":"https:\/\/www.achpvysocina.cz\/index.php?rest_route=\/wp\/v2\/pages\/92\/revisions\/1191"}],"wp:attachment":[{"href":"https:\/\/www.achpvysocina.cz\/index.php?rest_route=%2Fwp%2Fv2%2Fmedia&parent=92"}],"curies":[{"name":"wp","href":"https:\/\/api.w.org\/{rel}","templated":true}]}}